{"id":107,"date":"2018-11-13T21:26:45","date_gmt":"2018-11-13T20:26:45","guid":{"rendered":"http:\/\/cadevniger.org\/?page_id=107"},"modified":"2020-10-27T09:23:39","modified_gmt":"2020-10-27T08:23:39","slug":"qui-somme-nous","status":"publish","type":"page","link":"https:\/\/cadevniger.org\/?page_id=107","title":{"rendered":"Qui sommes nous"},"content":{"rendered":"<p>Caritas existe au Niger depuis 1962 sous le nom de Secours Catholique nig\u00e9rien, elle a \u00e9t\u00e9 restructur\u00e9e en 2005 avec le Bureau d\u2019Animation et de Liaison au D\u00e9veloppement (BALD) cr\u00e9e lui en 1984 par les \u00c9v\u00eaques du Niger qui ont fond\u00e9 la CADEV Niger (Caritas D\u00e9veloppement Niger). L\u2019objectif de cette restructuration \u00e9tait d\u2019am\u00e9liorer l\u2019efficacit\u00e9 et l\u2019harmonisation des organisations caritatives et de d\u00e9veloppement dans l\u2019optique de rendre leurs b\u00e9n\u00e9ficiaires autonomes.<\/p>\n<p>Elle est officiellement constitu\u00e9e en mars 2005 et est reconnue par l\u2019Etat nig\u00e9rien comme O.N.G de droit nig\u00e9rien par Arr\u00eat\u00e9 n\u00b0\u2013 296\/MI\/D\/DGAPJ\/DLP du 19 ao\u00fbt 2005.<\/p>\n<p><a href=\"http:\/\/cadevniger.org\/wp-content\/uploads\/2014\/09\/Logo-Caritas-Niger.gif\"><img loading=\"lazy\" decoding=\"async\" class=\"size-full wp-image-73 aligncenter\" src=\"http:\/\/cadevniger.org\/wp-content\/uploads\/2014\/09\/Logo-Caritas-Niger.gif\" alt=\"\" width=\"180\" height=\"138\" \/><\/a><\/p>\n<p>Au plan national, la CADEV Niger est class\u00e9e parmi les premi\u00e8res organisations humanitaires et de d\u00e9veloppement du pays. Elle est reconnue pour son professionnalisme et pour la justesse de ses activit\u00e9s.<\/p>\n<p>La CADEV Niger dispose de deux bureaux dioc\u00e9sains \u00e0 Niamey et \u00e0 Maradi qui couvrent l\u2019ensemble du territoire et un Secr\u00e9tariat Ex\u00e9cutif National bas\u00e9 \u00e0 Niamey qui sert d\u2019espace de coordination des actions entre les bureaux et les partenaires.<\/p>\n<p>La Caritas D\u00e9veloppement Niger (CADEV-Niger) est une ONG apolitique, non confessionnelle, \u00e0 but non lucratif qui travaille \u00e0 la mise en \u0153uvre de la pastorale sociale de l\u2019\u00e9glise sur toute l\u2019\u00e9tendue du territoire nig\u00e9rien en fonction des capacit\u00e9s et moyens qui lui sont disponibles, ainsi que la pr\u00e9sence d\u2019autres acteurs.<\/p>\n<p>La mission premi\u00e8re de la Cadev-Niger, \u00e0 l\u2019instar des autres Caritas, est le rayonnement de la charit\u00e9 chr\u00e9tienne.\u2028 Sur le terrain elle aide \u00e0 d\u00e9velopper la participation croissante des membres de la communaut\u00e9 chr\u00e9tienne au travail caritatif, et de renforcer la responsabilit\u00e9 des ouvriers pastoraux.<\/p>\n<p>La mise en \u0153uvre des actions de la Cadev-Niger est rendue possible gr\u00e2ce aux Comit\u00e9s de Solidarit\u00e9 et de D\u00e9veloppement (C.S.D) qui ont leurs assises dans les paroisses.<\/p>\n<p>Les projets initi\u00e9s par CADEV Niger sont de v\u00e9ritables outils de dialogue et facilitateurs d\u2019\u00e9changes.<\/p>\n<p>Elle s\u2019efforce de devenir un espace pour favoriser le dialogue islamo-chr\u00e9tien par l\u2019interm\u00e9diaire d\u2019\u00e9changes et de coexistence qui permet le partage et la solidarit\u00e9.<\/p>\n<p>En tant qu\u2019instrument de l\u2019\u00c9glise Catholique, elle aide les personnes en difficult\u00e9 ind\u00e9pendamment de leur religion, de leur groupe ethnique, ou de leur race.<\/p>\n<p>Elle m\u00e8ne des projets d\u2019urgence et de d\u00e9veloppement en particulier en luttant contre l\u2019ins\u00e9curit\u00e9 alimentaire chronique au Niger, mais son domaine d\u2019intervention est plus vari\u00e9, elle participe notamment \u00e0 favoriser le dialogue islamo-chr\u00e9tien et la coexistence.<\/p>\n<p>En 2019 la CADEV Niger emploie 129 agents (27 agents de structure et 90 agents de projets) et 295 volontaires.<\/p>\n<p>Cadev-Niger est membre du r\u00e9seau Caritas Internationalis avec 162 organisations membre qui op\u00e8rent dans 200 pays et territoires.<\/p>\n<p>Caritas Internationalis est une Conf\u00e9d\u00e9ration des organisations Caritas nationales de services humanitaires, sociaux et de d\u00e9veloppement trouvant ses racines dans la Doctrine Sociale de\u00a0 l\u2019Eglise et guid\u00e9e par les principes humanitaires.<\/p>\n","protected":false},"excerpt":{"rendered":"<p>Caritas existe au Niger depuis 1962 sous le nom de Secours Catholique nig\u00e9rien, elle a \u00e9t\u00e9 restructur\u00e9e en 2005 avec le Bureau d\u2019Animation et de Liaison au D\u00e9veloppement (BALD) cr\u00e9e lui en 1984 par les \u00c9v\u00eaques du Niger qui ont&hellip;<\/p>\n","protected":false},"author":1,"featured_media":0,"parent":48,"menu_order":0,"comment_status":"closed","ping_status":"closed","template":"","meta":{"footnotes":""},"class_list":["post-107","page","type-page","status-publish","hentry"],"jetpack_sharing_enabled":true,"jetpack_likes_enabled":true,"_links":{"self":[{"href":"https:\/\/cadevniger.org\/index.php?rest_route=\/wp\/v2\/pages\/107"}],"collection":[{"href":"https:\/\/cadevniger.org\/index.php?rest_route=\/wp\/v2\/pages"}],"about":[{"href":"https:\/\/cadevniger.org\/index.php?rest_route=\/wp\/v2\/types\/page"}],"author":[{"embeddable":true,"href":"https:\/\/cadevniger.org\/index.php?rest_route=\/wp\/v2\/users\/1"}],"replies":[{"embeddable":true,"href":"https:\/\/cadevniger.org\/index.php?rest_route=%2Fwp%2Fv2%2Fcomments&post=107"}],"version-history":[{"count":7,"href":"https:\/\/cadevniger.org\/index.php?rest_route=\/wp\/v2\/pages\/107\/revisions"}],"predecessor-version":[{"id":1275,"href":"https:\/\/cadevniger.org\/index.php?rest_route=\/wp\/v2\/pages\/107\/revisions\/1275"}],"up":[{"embeddable":true,"href":"https:\/\/cadevniger.org\/index.php?rest_route=\/wp\/v2\/pages\/48"}],"wp:attachment":[{"href":"https:\/\/cadevniger.org\/index.php?rest_route=%2Fwp%2Fv2%2Fmedia&parent=107"}],"curies":[{"name":"wp","href":"https:\/\/api.w.org\/{rel}","templated":true}]}}