{"id":115,"date":"2018-11-13T21:37:01","date_gmt":"2018-11-13T20:37:01","guid":{"rendered":"http:\/\/cadevniger.org\/?page_id=115"},"modified":"2018-11-29T17:37:50","modified_gmt":"2018-11-29T16:37:50","slug":"nos-zones-dinterventions","status":"publish","type":"page","link":"https:\/\/cadevniger.org\/?page_id=115","title":{"rendered":"Nos zones d&rsquo;intervention"},"content":{"rendered":"<p>La CADEV NIGER est pr\u00e9sente sur toute l\u00b4\u00e9tendue du territoire national \u00e0 travers un Secr\u00e9tariat Ex\u00e9cutif National bas\u00e9 \u00e0 Niamey et de deux (2) Bureaux\u00a0dioc\u00e9sains.<\/p>\n<p>Le bureau de l\u2019archidioc\u00e8se de Niamey\u00a0 couvre les r\u00e9gions de Dosso et Tillab\u00e9ry ainsi que la communaut\u00e9 urbaine de Niamey.<\/p>\n<p>Le bureau du dioc\u00e8se de Maradi\u00a0couvre les r\u00e9gions administratives d\u2019Agadez, Diffa, Maradi, Tahoua et Zinder.<\/p>\n<p><strong><u>En situation normale<\/u><\/strong>, la CADEV Niger intervient dans la zone couverte et ma\u00eetris\u00e9e par les CSD paroissiaux (\u00e0 proximit\u00e9 des si\u00e8ges des CSD), en fonction du type d\u2019actions et des b\u00e9n\u00e9ficiaires \u00e0 privil\u00e9gier, en tenant compte des moyens et capacit\u00e9s des CSD, ainsi que de la nature des dynamiques locales<\/p>\n<p><strong><u>En situation d\u2019urgence<\/u><\/strong>, la CADEV Niger intervient sur toute l\u2019\u00e9tendue du territoire nig\u00e9rien en fonction des capacit\u00e9s et moyens disponibles ainsi que la pr\u00e9sence d\u2019autres acteurs<\/p>\n<p>&nbsp;<\/p>\n<p>&nbsp;<\/p>\n<p><a href=\"http:\/\/cadevniger.org\/wp-content\/uploads\/2018\/11\/carte-Niger-cadev.png\"><img loading=\"lazy\" decoding=\"async\" class=\"wp-image-251 aligncenter\" src=\"http:\/\/cadevniger.org\/wp-content\/uploads\/2018\/11\/carte-Niger-cadev-300x237.png\" alt=\"\" width=\"674\" height=\"533\" srcset=\"https:\/\/cadevniger.org\/wp-content\/uploads\/2018\/11\/carte-Niger-cadev-300x237.png 300w, https:\/\/cadevniger.org\/wp-content\/uploads\/2018\/11\/carte-Niger-cadev-380x300.png 380w, https:\/\/cadevniger.org\/wp-content\/uploads\/2018\/11\/carte-Niger-cadev.png 715w\" sizes=\"(max-width: 674px) 100vw, 674px\" \/><\/a><\/p>\n","protected":false},"excerpt":{"rendered":"<p>La CADEV NIGER est pr\u00e9sente sur toute l\u00b4\u00e9tendue du territoire national \u00e0 travers un Secr\u00e9tariat Ex\u00e9cutif National bas\u00e9 \u00e0 Niamey et de deux (2) Bureaux\u00a0dioc\u00e9sains. Le bureau de l\u2019archidioc\u00e8se de Niamey\u00a0 couvre les r\u00e9gions de Dosso et Tillab\u00e9ry ainsi que&hellip;<\/p>\n","protected":false},"author":1,"featured_media":0,"parent":48,"menu_order":0,"comment_status":"closed","ping_status":"closed","template":"","meta":{"footnotes":""},"class_list":["post-115","page","type-page","status-publish","hentry"],"jetpack_sharing_enabled":true,"jetpack_likes_enabled":true,"_links":{"self":[{"href":"https:\/\/cadevniger.org\/index.php?rest_route=\/wp\/v2\/pages\/115"}],"collection":[{"href":"https:\/\/cadevniger.org\/index.php?rest_route=\/wp\/v2\/pages"}],"about":[{"href":"https:\/\/cadevniger.org\/index.php?rest_route=\/wp\/v2\/types\/page"}],"author":[{"embeddable":true,"href":"https:\/\/cadevniger.org\/index.php?rest_route=\/wp\/v2\/users\/1"}],"replies":[{"embeddable":true,"href":"https:\/\/cadevniger.org\/index.php?rest_route=%2Fwp%2Fv2%2Fcomments&post=115"}],"version-history":[{"count":6,"href":"https:\/\/cadevniger.org\/index.php?rest_route=\/wp\/v2\/pages\/115\/revisions"}],"predecessor-version":[{"id":272,"href":"https:\/\/cadevniger.org\/index.php?rest_route=\/wp\/v2\/pages\/115\/revisions\/272"}],"up":[{"embeddable":true,"href":"https:\/\/cadevniger.org\/index.php?rest_route=\/wp\/v2\/pages\/48"}],"wp:attachment":[{"href":"https:\/\/cadevniger.org\/index.php?rest_route=%2Fwp%2Fv2%2Fmedia&parent=115"}],"curies":[{"name":"wp","href":"https:\/\/api.w.org\/{rel}","templated":true}]}}